 = -5*h(a) + 8*r(a). Calculate v(6).
-4
Let x be (-7)/((-5)/(-5)*-7). Let d = 0 + 6. Let y(i) = -5*i + 51*i**3 - 52*i**3 - d*i**2 - x + 2. Calculate y(-5).
1
Suppose -13 = -17*n + 21. Let q be ((8/10)/(n/10))/1. Let t(h) = -h + 5. Give t(q).
1
Let k = -10175 - -10172. Let j(p) = 6*p**2 + 5*p + 3. Determine j(k).
42
Let s(h) be the first derivative of h**2/2 + 6*h - 1064. Calculate s(7).
13
Suppose 6*h + 78 = 9*h. Let u = h + -23. Suppose -u*m = -3*w - 15, -5*m + 35 = -0*m + 5*w. Let j(r) = r - 7. Calculate j(m).
-1
Let d = -10152 + 10149. Let g(m) = 5*m**2 - m - 4. Give g(d).
44
Let h(g) = -g**3 + 28*g**2 + 2*g - 69. Let p be (5/25*-1)/(2/(-5))*56. Determine h(p).
-13
Let h(p) = -8*p - 15. Suppose -7*x + 42 = -21. Suppose 0 = -x*v + 7*v + 22. Let y(q) = -15*q - 29. Let t(f) = v*h(f) - 6*y(f). Give t(-7).
-5
Let h = -76 - -86. Suppose -173 = -h*g + 57. Let o(v) = -v**3 + 5 - 2 + g*v**2 - 20*v**2 - 3*v. Calculate o(2).
1
Let d(q) = q**2 + 10*q + 24. Let f be d(-8). Let a(y) = 2 - 16*y**2 - 2 + 15*y**2 - f*y - 2. Suppose 0 = 5*c + 3*t - 4 + 37, -5*c - 5*t - 35 = 0. Give a(c).
10
Let t(s) = -2*s**3 - s**2 + 2. Let v = 386 + -406. Let c be (-4)/v + (-22)/10. Determine t(c).
14
Let o(x) = 74*x + 8. Let z(l) = 118*l + 12. Let v(n) = -8*o(n) + 5*z(n). Give v(-9).
14
Let n be (-18)/((-17)/(85/(-10))). Let w(t) = -4*t + 20. Determine w(n).
56
Let d(j) = 3 - 1164*j + 397*j + 378*j + 385*j + 2*j**3. Suppose -1 = 4*w - i - 39, 0 = 5*w - i - 47. Suppose 4*t - 20 = -4*h, 0*t + 3*t - w = 0. Give d(h).
11
Let a(m) be the second derivative of m**3/2 - 18*m**2 + 638*m. What is a(13)?
3
Let l(d) = -4*d. Let i(v) = -4*v - v - v**2 + 2*v - 4*v. Let n be i(-7). Suppose -5 = w, 0 = 4*u - n*u + 3*w + 7. Determine l(u).
-8
Let i be ((-332)/(-16) + 3)/(1/4). Let q(c) = 97 + 21*c - 22*c - i. Give q(2).
0
Let s be (-1071)/180 + (-16)/320. Let g(a) = -3*a**3 - 17*a**2 + 9*a + 6. Determine g(s).
-12
Suppose 2*g - 39 = -3*u, g - 144 = -2*u - 129. Let y(n) = n**3 - 31*n**2 - 66*n - 19. Give y(g).
-19
Suppose -23 + 23 = -24*o. Let t(s) = s**2 - 6*s + 23. Determine t(o).
23
Let n(y) = y**3 - 7*y**2 - y + 9. Let l be n(7). Suppose -l = -4*a + 38. Let k(v) = -a + v - 5 + 8. Calculate k(3).
-4
Let u(z) be the first derivative of 7/3*z**3 + 1/2*z**2 + 0*z - 132. Calculate u(1).
8
Let c(r) = -8*r + 124. Let m(p) = 12*p - 187. Let t(g) = 7*c(g) + 5*m(g). What is t(16)?
-3
Let y(c) = 10*c + 10. Let s = -2234 + 2235. What is y(s)?
20
Let a(w) be the second derivative of w**4/24 - w**3/2 - 18*w**2 - 82*w. Let j(h) be the first derivative of a(h). Give j(3).
0
Suppose 2*l = -4*f - 20, -5*f - 2*l = l + 26. Let k(g) be the first derivative of g**2 + g - 10. Give k(f).
-7
Let r(c) = 202*c - 3430. Let q be r(17). Let a(b) = -b**3 + 2*b**2 + 7*b - 5. Let p(f) = -f**2. Let i(v) = -a(v) + p(v). What is i(q)?
-7
Suppose 5*x - 4*a = 55 - 74, -5*a + 31 = x. Let l(q) = 24*q**3 - 2*q**2 - q + 2. Determine l(x).
23
Let t = 64 - 67. Let v(s) be the second derivative of s**6/360 + s**5/60 + s**4/8 - s**3/3 - 6*s. Let o(j) be the second derivative of v(j). Calculate o(t).
6
Let s(t) = -t + 27. Let h be (9 + (-174)/18)/(462/90 - 5). Determine s(h).
32
Let w(k) = 18 + 5*k + k - 10*k - 33 + 2*k. Give w(-18).
21
Let q(k) = k**2 - 10*k + 10. Let m be q(10). Suppose -9*x = m*x + 57. Let h(i) = -i + 4. Calculate h(x).
7
Let u(n) = 390*n**2 + 383*n**2 - 1559*n**2 + 392*n**2 + 4*n + 17 + 392*n**2. Determine u(-8).
-143
Let c(y) = 20*y**3 - 10*y**2 + 19*y + 18. Let f(a) = -31*a**3 + 15*a**2 - 29*a - 27. Let s(l) = -17*c(l) - 11*f(l). Let j be (-60)/9 - (-4)/6. Calculate s(j).
-21
Let k = -2261 - -2262. Let c be -5*(1 - (-32)/(-20)). Let h(o) = 3 - o + o**2 - 1 - o**3 - 1 - 4*o**c. What is h(k)?
-4
Let d be 3/(9/(-3)) - (-6 + 2). Suppose d*z - 295 = -4*g + 2*z, -298 = -4*g - 2*z. Let r = g - 70. Let n(k) = -2*k**3 + 4*k**2 - 3*k - 1. Determine n(r).
-28
Let s(l) = 3*l**2 - 64*l + 12. Let y(d) = -d**2 + 55*d - 13. Let x(b) = 3*s(b) + 4*y(b). Calculate x(-7).
33
Let y(d) be the second derivative of 7*d**3/6 + 4*d**2 - 48*d + 8. Let a(o) = -o**2 + 7*o - 8. Let c be a(6). Calculate y(c).
-6
Let z be 24 + 4 + (-36)/4. Let q = z - 4. Suppose c + 4*c = -q. Let k(d) = d + 2. Give k(c).
-1
Let p(z) = 22*z**2 + 105*z + 28. Let k(b) = -44*b**2 - 211*b - 49. Let x(d) = -4*k(d) - 7*p(d). Determine x(-5).
5
Let m(q) = 3*q**2 + q - 7. Let z be (-1)/(0 - 0 - -1) + 5. What is m(z)?
45
Let n be (12/16 - 2)/(12/384*8). Let x(j) be the first derivative of j**3/3 + 7*j**2/2 + 1. Calculate x(n).
-10
Let q(w) = -31*w**3 - 4*w**2 - 21*w - 2. Let s(c) = 124*c**3 + 17*c**2 + 96*c + 8. Let k(d) = -9*q(d) - 2*s(d). Calculate k(1).
32
Suppose -d = -u + 3 - 0, -2*d = 4*u + 6. Let o = -2 - d. Let y be o*7 - (-10 + 9). Let i(x) = x**2 - 8*x + 1. Determine i(y).
1
Let x(r) = 2*r + 5. Suppose 3*n = 2*i - 30, -592*n + 589*n = 3*i. Calculate x(n).
-7
Let u(d) = 4*d + 15. Let c(v) = -39*v - 3. Let s(o) = 68*o + 5. Let k(h) = 7*c(h) + 4*s(h). Suppose -10 - 5 = -3*f. Let m(x) = f*k(x) + u(x). What is m(0)?
10
Let g(a) = -a**2 - 35. Suppose 10*b - 16 = -1 - 15. Give g(b).
-35
Let z be (-5)/(-6) - (0 + (-26)/12). Let t(u) = 2*u**3 - 8*u**z - 6 + 2*u - 24*u**2 - 5*u**3 + 8 + 25*u**2. Give t(-1).
12
Let t(s) be the third derivative of -s**4/24 - s**3/6 + 39*s**2. Suppose 0 = 17*g - 70 - 151. What is t(g)?
-14
Let p(s) be the first derivative of s**4/4 + 10*s**3/3 - 4*s**2 - 5*s + 1524. Determine p(-11).
-38
Let j(m) be the second derivative of -m**4/12 - 2*m**3 - 7*m**2/2 - 60*m + 1. Give j(-8).
25
Let m(y) be the third derivative of -y**6/120 - 3*y**5/10 + 19*y**4/24 + y**3/2 + 43*y**2. Let o be m(-19). Let z(p) = -14 + o - p + 3 + 1. Calculate z(0).
-7
Let k(n) = -n**3 + 6*n**2 - 5*n - 2. Let l = 95 + -95. Suppose l*t = -9*t + 45. What is k(t)?
-2
Let h(i) = 47*i + 81. Let n(p) = p**2 - 286*p - 491. Let s(d) = -19*h(d) - 3*n(d). Determine s(-8).
22
Let f(m) = -m**2 + 13*m - 32. Suppose -2*q + 6 = 0, -3*t = -6*t + 5*q. Suppose t*x - 22 = 23. Let r be f(x). Let i(h) = 3*h + 1. Give i(r).
13
Let b(s) = -s**2 + 7*s + 2. Suppose 7*h + 0*h + 119 = 0. Let f = -14 - h. Let k be (10 + -10 + 8/3)*f. Calculate b(k).
-6
Let s(v) = 54*v**2 + 23*v - 12. Let l(f) = 19*f**2 + 8*f - 4. Suppose 3*t - 21*t + 108 = 0. Let j(b) = t*s(b) - 17*l(b). Give j(-4).
4
Suppose -q - 60 = 2*q. Let y(b) = b + 14. Let i be y(q). Let x(o) = 5*o + 28. Let c be x(i). Let a(t) = -2*t**3 + 2*t**2 + 2*t + 1. What is a(c)?
21
Let c(z) = 3*z**2 - 6*z + 2. Suppose 3*t + 20 = 4*q - 0*t, -22 = -5*q + 3*t. Let r be c(q). Let v(o) = -1 + 1757*o + 5 - 1748*o - o**r. What is v(6)?
22
Suppose 4*d - 40 = 36. Suppose -11 + d = v. Let j(g) = 20 + g - 38 + 16. Determine j(v).
6
Let v(j) = -j**3 - j**2 - j + 10. Suppose 12 - 24 = -12*r. Let x be 6/(-30) + r/5. Calculate v(x).
10
Let g(p) = p**2 + 8*p + 2. Suppose 4*c = -2*a + a + 82, 0 = -4*a + 2*c + 256. Suppose 10*q - a = 7*q. Suppose -q = z - 3*u, 0*u + 13 = -4*z - 3*u. What is g(z)?
-5
Let i(b) = -b**2 + 10*b - 1. Let s be i(10). Let y be (1 - -13)/2 + s. Let l(c) = 47*c + 13. Let f(j) = 55*j + 14. Let g(r) = -6*f(r) + 7*l(r). Calculate g(y).
1
Let v(n) = -33*n + 1912. Let s be v(58). Let x(w) be the second derivative of -5*w**3/6 - 3*w. Calculate x(s).
10
Let g(t) be the third derivative of -2*t**4/3 - t**3/6 - 143*t**2. Give g(-2).
31
Let c(i) = -2*i**3 - 8*i**2 + 8*i - 2. Suppose -9 - 131 = -92*r + 120*r. Give c(r).
8
Let m = -2557 + 2570. Let u(l) = 8*l - 70. Give u(m).
34
Let u(m) be the third derivative of -1/360*m**6 + 0*m - 26*m**2 + 1/12*m**4 - 25/6*m**3 + 3/40*m**5 + 0. Let l(g) be the first derivative of u(g). What is l(8)?
10
Let i(x) = -2*x + 11. Suppose 2*f - v = -3*f - 207, -v = f + 45. Let n be (-2)/(f/(-24) + -2). What is i(n)?
-5
Suppose -3*y - 6 = -5*y. Let d = -2003 + 2009. Let f(q) = 5*q**2 + q**3 + 41*q - 2*q**y - 20*q - 19*q - d. Give f(5).
4
Let k(b) = b**3 + 32*b**2 + 32*b - 66. Let s be k(-31). Let p = s - -89. Let v(l) = l**3 + 7*l**2 - 5*l - 5. Determine v(p).
-29
Let n(o) = 23 - o**2 + 1873*o - 943*o - 943*o. Calculate n(-10).
53
Let q(z) = -2*z**2 + 12*z + 6. Let t(y) = -y**2 + 8*y + 4. Let v(g) = 5*q(g) - 8*t(g). Let b = -69 - -79. Suppose -26 = b*s + 3*s. Give v(s).
-2
Let b(m) = 27*m + 300 - 294 + m**3 - 17*m - 7*m*